 = k + f. Calculate the greatest common divisor of 120 and c.
12
Let n(v) = -8*v - 144. Let l be n(-22). What is the highest common factor of l and 512?
32
Let q = 3 - 16. Let d = 67 - q. Calculate the highest common factor of 16 and d.
16
Suppose 5*o = 2*r + 237, 14*r - 159 = -3*o + 11*r. Calculate the greatest common divisor of o and 833.
49
Suppose -3*j + 4*u - 20 = 0, -4*j + u - 4*u + 15 = 0. Let b be (-3)/((-3)/2 + j). Calculate the highest common divisor of b and 18.
2
Let a = 2 + -4. Let g(h) be the first derivative of -h**4/4 + h**3/3 + h**2/2 - h + 5. Let m be g(a). Calculate the highest common divisor of 18 and m.
9
Let c(z) = z + 3. Let j be c(-3). Let v be (-3)/(-2*(-2)/(-16)*4). Suppose -w - 2 = 3, m + v*w + 9 = j. Calculate the highest common divisor of 60 and m.
6
Suppose -5*d = -4*u - 20, 2*d - 6 - 2 = -u. Suppose -3*m = -u*m - 24. Suppose s + 0 = n - 1, s = -3*n + 15. What is the greatest common divisor of n and m?
4
Let h = 165 + -131. What is the greatest common divisor of h and 272?
34
Let p = 76 - -110. Calculate the highest common divisor of p and 806.
62
Let g be 2 + ((-234)/78)/(1/(-11)). Calculate the highest common divisor of 1015 and g.
35
Let g = 28 + -12. Let s(v) = 12*v**2 - v + 2. Let b be s(1). Let m = 51 + b. Calculate the highest common factor of g and m.
16
Suppose 5*i - 2*t = 1070, i + 3*t + 863 = 5*i. What is the greatest common divisor of i and 53?
53
Suppose -84 + 432 = 3*t. Let g = t - 35. What is the greatest common divisor of g and 9?
9
Suppose -i - 19 = -21. Suppose 0 = -i*r + r + 2. What is the greatest common divisor of r and 2?
2
Let q(t) = 2*t**3 + 15*t**2 + 18*t + 6. Let r be q(-6). What is the greatest common factor of 258 and r?
6
Suppose 6*t + 128 = 344. Let r be (19 - 1)*(-3)/(-3). Calculate the greatest common divisor of r and t.
18
Suppose 9*o - 5127 - 3963 = 0. Calculate the highest common divisor of 10 and o.
10
Suppose -139 = -p - 43. Suppose 0 = 3*a - 0*a - p. What is the highest common divisor of 48 and a?
16
Suppose 0 = -8*a + 79 + 49. What is the greatest common factor of a and 20?
4
Let t be 2 - (-21)/3*1. Let h = 47 - 44. Suppose h*u = -0*d + 5*d + 33, 3 = 3*u + 5*d. What is the greatest common factor of u and t?
3
Suppose -9*w + 603 = 9. Calculate the greatest common divisor of w and 44.
22
Let n = 27 - -1172. What is the highest common divisor of n and 327?
109
Let y(a) = -a**2 - 6*a + 114. Let k be y(-12). What is the greatest common factor of k and 98?
14
Suppose -6*f - 100 + 148 = 0. What is the greatest common factor of 88 and f?
8
Suppose -107 = -6*q - 59. Suppose 828 = -q*j + 26*j. Calculate the greatest common divisor of 2 and j.
2
Let l(b) = -8*b**2 + 5. Let r(s) = s**2 + s - 1. Let n(h) = -l(h) - 6*r(h). Let x be n(4). Calculate the highest common divisor of x and 9.
9
Suppose -3*u - 2*u = 0. Suppose 5 = a + z - u*z, -2*z - 20 = -4*a. Calculate the greatest common divisor of 55 and a.
5
Let c(o) be the third derivative of -5*o**4/24 - 5*o**3/3 + 10*o**2. Let s be c(-10). What is the highest common factor of s and 8?
8
Suppose s - 4*h - 36 = 0, -58*s + 3*h + 62 = -56*s. Suppose -3*z - a = 3*a - 101, -z + 34 = a. What is the greatest common divisor of z and s?
7
Suppose 4*b - 11 = 101. Suppose 5*p + p - 84 = 0. What is the greatest common divisor of b and p?
14
Let i be 2 - (-4 + 2 + 4*-35). What is the highest common factor of i and 36?
36
Let p be (4 + 1)*138/115. What is the greatest common factor of p and 4?
2
Let u = -166 - -268. What is the highest common divisor of u and 255?
51
Suppose 590 = 22*v - 1060. What is the greatest common divisor of 165 and v?
15
Suppose 10*q = -26*q + 5616. What is the highest common divisor of q and 117?
39
Suppose 14 = 3*x - 31. Suppose 0 = -5*i - 2 + 12. Suppose 4*j = 2*y - 136, 5*j - 124 = -i*y + 6*j. Calculate the highest common divisor of y and x.
15
Suppose -2473 = -4*p + 3*v, -65*v = -2*p - 67*v + 1226. What is the greatest common divisor of 440 and p?
88
Let x = 11 + 1. Suppose 0 = 3*t + 2*d - 71, 2*t + x = 3*t + 3*d. What is the highest common factor of t and 27?
27
Let f be -144*4*(-4)/(-32). Let g = -59 - f. What is the highest common divisor of g and 65?
13
Let y = 4125 - 4088. Suppose -k = 4*k + o - 368, -5*k + o + 372 = 0. Calculate the greatest common divisor of k and y.
37
Let u(d) = d**3 - 10*d**2 + 2*d - 15. Let w be u(10). Suppose 0 = -w*m + 4*m + 18. Calculate the highest common factor of 18 and m.
18
Suppose 515*a = 512*a + 270. Calculate the greatest common divisor of 81 and a.
9
Suppose 18*g - 630 = 12*g. Calculate the highest common factor of g and 35.
35
Suppose 0 = -3*o + 926 + 133. Suppose h - 4*h + 5*w = -o, 5 = w. What is the greatest common divisor of 18 and h?
18
Suppose -3*l = -20*l + 2737. Calculate the greatest common divisor of 7 and l.
7
Let l(v) = -v**2 - 12*v - 18. Let r be (-20)/15*(-21)/(-2). Let c be (-36)/(-84) + 118/r. Let g be l(c). What is the highest common factor of 2 and g?
2
Let u(z) = -17*z + 206. Let v be u(4). What is the greatest common factor of v and 66?
6
Let w be 3/(-12) - (0 + 20/(-16)). Suppose 2*l - 12 - 6 = 0. What is the highest common divisor of w and l?
1
Let i be ((-148)/(-8) + 1)*8. What is the greatest common divisor of 104 and i?
52
Suppose -6*o + 177 + 273 = 0. Let n be 3*(-10)/o*-5. What is the greatest common factor of n and 7?
1
Let a(u) = 8*u**3 - 2*u**2 - 8*u + 15. Let p be a(5). Calculate the highest common divisor of p and 37.
37
Let r be 5/2 + (-3)/(-6). Suppose 0 = -r*p + 4*p. Let y be (20 - (-1 + p))*1. Calculate the greatest common divisor of y and 3.
3
Suppose -3*n + 2*n + 3 = 0. Let l = 8 - n. Suppose 36 = -2*o + l*o. What is the greatest common divisor of o and 18?
6
Suppose -3*i - 4 + 220 = 0. Let h = 77 - i. Calculate the highest common divisor of 5 and h.
5
Let c = -39 + 63. Let l(x) = -x**2 + 29*x + 4. Let u be l(28). What is the highest common factor of u and c?
8
Let u(v) be the second derivative of -v**5/5 - v**3/6 - 3*v**2/2 + 4*v. Let i be u(-3). Let x = -76 - -103. Calculate the greatest common divisor of x and i.
27
Let w = -55 + 57. Let l(g) = -g + 5. Let o be l(5). Let c(y) = y + 16. Let a be c(o). Calculate the greatest common factor of w and a.
2
Suppose 0 = -7*v - 11 - 129. Let d be 17/4 + 5/v. Suppose -2*s - d*y - 1 = -s, 5*s + y - 52 = 0. What is the highest common factor of s and 121?
11
Let s be (-3 + 0)/6*0. Suppose -25*y + 23*y + 140 = s. Calculate the highest common divisor of 20 and y.
10
Suppose -5*s + 43 = q, -3*s + 8 = -7. Suppose -q*g - 12 = -21*g. Calculate the greatest common factor of g and 44.
4
Suppose -5*g + 142 = 4*f, 0*f - 2*f + 74 = g. Let v = -10 + f. What is the greatest common divisor of 84 and v?
28
Let m be (-1570)/(-3) + 16/24. Suppose 5*z - 3*p + 99 - 755 = 0, -4*z + 2*p = -m. Let l = 133 - 81. What is the highest common divisor of l and z?
26
Let l = 6 - 3. Let k(z) = z - 9. Let o be k(7). Let n = 5 + o. What is the greatest common factor of l and n?
3
Suppose 6*j = 11*j + 15. Let n be (-27)/(-2) - j/(-2). What is the greatest common divisor of n and 18?
6
Suppose 0 = -13*y + 17*y - c - 242, 0 = 5*y + 2*c - 296. Suppose 0*v + 2*v - 7 = -a, 2*v = -8. What is the highest common divisor of a and y?
15
Let k = 5 + -5. Let l(o) = -4*o - 6 + k*o + o - 7*o. Let c be l(-5). Calculate the greatest common factor of 22 and c.
22
Let j be (6*8)/((-3)/2*-1). Calculate the greatest common divisor of 368 and j.
16
Suppose -3*j + 209 = 2*z, -2*z + 3*j = -2*j - 249. What is the greatest common factor of 16 and z?
16
Let d(q) = q + 8. Let p be d(5). Suppose -7*k + p = -253. Calculate the highest common divisor of 95 and k.
19
Let k(p) = 6*p - 40. Let c be k(7). Let l = c - -1. Calculate the highest common divisor of 1 and l.
1
Suppose -x + 1 = -1. Suppose 0 = x*p - 5 - 21. Let m(d) = -23*d - 80. Let i be m(-8). Calculate the highest common factor of p and i.
13
Let o be 8/(((-2)/8)/((-15)/(-30))). Let t be o/(-6)*(-495)/(-30). Suppose u - 5*u + 16 = 0. What is the highest common factor of t and u?
4
Let o be (-112)/2*((-190)/(-35) + -6). Let f(x) = 3*x**2 + 4*x - 7. Let a be f(-7). What is the greatest common factor of a and o?
16
Suppose -6*u = -0*u + 144. Let z = 38 + u. What is the highest common divisor of 14 and z?
14
